{"id":358,"date":"2018-06-10T19:08:17","date_gmt":"2018-06-10T17:08:17","guid":{"rendered":"http:\/\/www.orno.be\/?page_id=358"},"modified":"2024-11-20T15:37:27","modified_gmt":"2024-11-20T14:37:27","slug":"comptoir-dechange","status":"publish","type":"page","link":"http:\/\/www.orno.be\/index.php\/se-procurer-des-orno\/comptoir-dechange\/","title":{"rendered":"Comptoir d&rsquo;\u00e9change"},"content":{"rendered":"<div class=\"wpb-content-wrapper\"><p>[vc_row][vc_column width=\u00a0\u00bb1\/4&Prime;][\/vc_column][vc_column width=\u00a0\u00bb1\/2&Prime;][vc_custom_heading text=\u00a0\u00bbDepuis le 16 juin 2018, vous pouvez \u00e9changer vos euros contre des Orno dans les comptoirs d&rsquo;\u00e9change situ\u00e9s chez nos prestataires suivants:\u00a0\u00bb font_container=\u00a0\u00bbtag:h2|font_size:20px|text_align:center\u00a0\u00bb google_fonts=\u00a0\u00bbfont_family:Raleway%3A100%2C200%2C300%2Cregular%2C500%2C600%2C700%2C800%2C900|font_style:400%20regular%3A400%3Anormal\u00a0\u00bb css=\u00a0\u00bb.vc_custom_1578938453079{padding-bottom: 20px !important;}\u00a0\u00bb][vc_single_image image=\u00a0\u00bb401&Prime; alignment=\u00a0\u00bbcenter\u00a0\u00bb css=\u00a0\u00bb.vc_custom_1530369437610{padding-top: 40px !important;padding-bottom: 40px !important;}\u00a0\u00bb][\/vc_column][vc_column width=\u00a0\u00bb1\/4&Prime;][\/vc_column][\/vc_row][vc_row equal_height=\u00a0\u00bbyes\u00a0\u00bb content_placement=\u00a0\u00bbtop\u00a0\u00bb][vc_column width=\u00a0\u00bb1\/3&Prime;][vc_column_text css=\u00a0\u00bb\u00a0\u00bb]<a href=\"http:\/\/www.agricovert.be\"><strong>Agricovert<\/strong><\/a><\/p>\n<p>Chauss\u00e9e de Wavre 37, 5030 Gembloux<\/p>\n<p>Ouvert du mardi au samedi de 10h \u00e0 18h30.[\/vc_column_text][\/vc_column][vc_column width=\u00a0\u00bb1\/3&Prime;][vc_column_text css=\u00a0\u00bb\u00a0\u00bb]<a href=\"http:\/\/www.lepetitnapo.be\"><strong>Le petit Napo<\/strong><\/a><\/p>\n<p>Chauss\u00e9e de Charleroi 204, 5030 Gembloux<\/p>\n<p>Ouvert le mercredi de 10h \u00e0 16h30, le jeudi, vendredi et samedi de 10h \u00e0 18h.[\/vc_column_text][\/vc_column][\/vc_row][vc_row equal_height=\u00a0\u00bbyes\u00a0\u00bb content_placement=\u00a0\u00bbtop\u00a0\u00bb][vc_column width=\u00a0\u00bb1\/3&Prime;][vc_column_text css=\u00a0\u00bb\u00a0\u00bb]<a href=\"http:\/\/www.rosalieresto.be\"><strong>Rosalie<\/strong><\/a><\/p>\n<p>Chauss\u00e9e de Charleroi\u00a069, 5030 Gembloux<\/p>\n<p>Ouvert le mercredi, jeudi et vendredi de 12h \u00e0 14h30, le samedi de 10h \u00e0 18h, le dimanche de 10h \u00e0 16h.[\/vc_column_text][\/vc_column][vc_column width=\u00a0\u00bb1\/3&Prime;][vc_column_text]<a href=\"http:\/\/www.gembloux.be\"><strong>Administration communale de Gembloux<\/strong><\/a><\/p>\n<p>Place d&rsquo;Epinal 1, 5030 Gembloux[\/vc_column_text][\/vc_column][\/vc_row]<\/p>\n<\/div>","protected":false},"excerpt":{"rendered":"<p>[vc_row][vc_column width=\u00a0\u00bb1\/4&Prime;][\/vc_column][vc_column width=\u00a0\u00bb1\/2&Prime;][vc_custom_heading text=\u00a0\u00bbDepuis le 16 juin 2018, vous pouvez \u00e9changer vos euros contre des Orno dans les comptoirs d&rsquo;\u00e9change situ\u00e9s chez nos prestataires suivants:\u00a0\u00bb font_container=\u00a0\u00bbtag:h2|font_size:20px|text_align:center\u00a0\u00bb google_fonts=\u00a0\u00bbfont_family:Raleway%3A100%2C200%2C300%2Cregular%2C500%2C600%2C700%2C800%2C900|font_style:400%20regular%3A400%3Anormal\u00a0\u00bb css=\u00a0\u00bb.vc_custom_1578938453079{padding-bottom: 20px !important;}\u00a0\u00bb][vc_single_image image=\u00a0\u00bb401&Prime; alignment=\u00a0\u00bbcenter\u00a0\u00bb css=\u00a0\u00bb.vc_custom_1530369437610{padding-top: 40px !important;padding-bottom: 40px !important;}\u00a0\u00bb][\/vc_column][vc_column width=\u00a0\u00bb1\/4&Prime;][\/vc_column][\/vc_row][vc_row equal_height=\u00a0\u00bbyes\u00a0\u00bb content_placement=\u00a0\u00bbtop\u00a0\u00bb][vc_column width=\u00a0\u00bb1\/3&Prime;][vc_column_text css=\u00a0\u00bb\u00a0\u00bb]Agricovert Chauss\u00e9e de Wavre 37, 5030 Gembloux Ouvert du mardi au samedi de 10h &hellip; <a href=\"http:\/\/www.orno.be\/index.php\/se-procurer-des-orno\/comptoir-dechange\/\" title=\"Comptoir d&rsquo;\u00e9change\" class=\"read-more\">Read More<\/a><\/p>\n","protected":false},"author":1,"featured_media":0,"parent":7002,"menu_order":0,"comment_status":"closed","ping_status":"closed","template":"","meta":{"jetpack_post_was_ever_published":false,"footnotes":""},"class_list":["post-358","page","type-page","status-publish","hentry"],"yoast_head":"<!-- This site is optimized with the Yoast SEO plugin v26.0 - https:\/\/yoast.com\/wordpress\/plugins\/seo\/ -->\n<title>Comptoir d&#039;\u00e9change - Orno<\/title>\n<meta name=\"robots\" content=\"index, follow, max-snippet:-1, max-image-preview:large, max-video-preview:-1\" \/>\n<link rel=\"canonical\" href=\"http:\/\/www.orno.be\/index.php\/se-procurer-des-orno\/comptoir-dechange\/\" \/>\n<meta property=\"og:locale\" content=\"fr_FR\" \/>\n<meta property=\"og:type\" content=\"article\" \/>\n<meta property=\"og:title\" content=\"Comptoir d&#039;\u00e9change - Orno\" \/>\n<meta property=\"og:description\" content=\"[vc_row][vc_column width=\u00a0\u00bb1\/4&Prime;][\/vc_column][vc_column width=\u00a0\u00bb1\/2&Prime;][vc_custom_heading text=\u00a0\u00bbDepuis le 16 juin 2018, vous pouvez \u00e9changer vos euros contre des Orno dans les comptoirs d&rsquo;\u00e9change situ\u00e9s chez nos prestataires suivants:\u00a0\u00bb font_container=\u00a0\u00bbtag:h2|font_size:20px|text_align:center\u00a0\u00bb google_fonts=\u00a0\u00bbfont_family:Raleway%3A100%2C200%2C300%2Cregular%2C500%2C600%2C700%2C800%2C900|font_style:400%20regular%3A400%3Anormal\u00a0\u00bb css=\u00a0\u00bb.vc_custom_1578938453079{padding-bottom: 20px !important;}\u00a0\u00bb][vc_single_image image=\u00a0\u00bb401&Prime; alignment=\u00a0\u00bbcenter\u00a0\u00bb css=\u00a0\u00bb.vc_custom_1530369437610{padding-top: 40px !important;padding-bottom: 40px !important;}\u00a0\u00bb][\/vc_column][vc_column width=\u00a0\u00bb1\/4&Prime;][\/vc_column][\/vc_row][vc_row equal_height=\u00a0\u00bbyes\u00a0\u00bb content_placement=\u00a0\u00bbtop\u00a0\u00bb][vc_column width=\u00a0\u00bb1\/3&Prime;][vc_column_text css=\u00a0\u00bb\u00a0\u00bb]Agricovert Chauss\u00e9e de Wavre 37, 5030 Gembloux Ouvert du mardi au samedi de 10h [&hellip;]\" \/>\n<meta property=\"og:url\" content=\"http:\/\/www.orno.be\/index.php\/se-procurer-des-orno\/comptoir-dechange\/\" \/>\n<meta property=\"og:site_name\" content=\"Orno\" \/>\n<meta property=\"article:modified_time\" content=\"2024-11-20T14:37:27+00:00\" \/>\n<meta name=\"twitter:card\" content=\"summary_large_image\" \/>\n<meta name=\"twitter:label1\" content=\"Dur\u00e9e de lecture estim\u00e9e\" \/>\n\t<meta name=\"twitter:data1\" content=\"1 minute\" \/>\n<script type=\"application\/ld+json\" class=\"yoast-schema-graph\">{\"@context\":\"https:\/\/schema.org\",\"@graph\":[{\"@type\":\"WebPage\",\"@id\":\"http:\/\/www.orno.be\/index.php\/se-procurer-des-orno\/comptoir-dechange\/\",\"url\":\"http:\/\/www.orno.be\/index.php\/se-procurer-des-orno\/comptoir-dechange\/\",\"name\":\"Comptoir d'\u00e9change - Orno\",\"isPartOf\":{\"@id\":\"http:\/\/www.orno.be\/#website\"},\"datePublished\":\"2018-06-10T17:08:17+00:00\",\"dateModified\":\"2024-11-20T14:37:27+00:00\",\"breadcrumb\":{\"@id\":\"http:\/\/www.orno.be\/index.php\/se-procurer-des-orno\/comptoir-dechange\/#breadcrumb\"},\"inLanguage\":\"fr-FR\",\"potentialAction\":[{\"@type\":\"ReadAction\",\"target\":[\"http:\/\/www.orno.be\/index.php\/se-procurer-des-orno\/comptoir-dechange\/\"]}]},{\"@type\":\"BreadcrumbList\",\"@id\":\"http:\/\/www.orno.be\/index.php\/se-procurer-des-orno\/comptoir-dechange\/#breadcrumb\",\"itemListElement\":[{\"@type\":\"ListItem\",\"position\":1,\"name\":\"Accueil\",\"item\":\"http:\/\/www.orno.be\/\"},{\"@type\":\"ListItem\",\"position\":2,\"name\":\"Se procurer des Orno\",\"item\":\"http:\/\/www.orno.be\/index.php\/se-procurer-des-orno\/\"},{\"@type\":\"ListItem\",\"position\":3,\"name\":\"Comptoir d&rsquo;\u00e9change\"}]},{\"@type\":\"WebSite\",\"@id\":\"http:\/\/www.orno.be\/#website\",\"url\":\"http:\/\/www.orno.be\/\",\"name\":\"Orno\",\"description\":\"Monnaie citoyenne de la r\u00e9gion de Gembloux et Sombreffe\",\"potentialAction\":[{\"@type\":\"SearchAction\",\"target\":{\"@type\":\"EntryPoint\",\"urlTemplate\":\"http:\/\/www.orno.be\/?s={search_term_string}\"},\"query-input\":{\"@type\":\"PropertyValueSpecification\",\"valueRequired\":true,\"valueName\":\"search_term_string\"}}],\"inLanguage\":\"fr-FR\"}]}<\/script>\n<!-- \/ Yoast SEO plugin. -->","yoast_head_json":{"title":"Comptoir d'\u00e9change - Orno","robots":{"index":"index","follow":"follow","max-snippet":"max-snippet:-1","max-image-preview":"max-image-preview:large","max-video-preview":"max-video-preview:-1"},"canonical":"http:\/\/www.orno.be\/index.php\/se-procurer-des-orno\/comptoir-dechange\/","og_locale":"fr_FR","og_type":"article","og_title":"Comptoir d'\u00e9change - Orno","og_description":"[vc_row][vc_column width=\u00a0\u00bb1\/4&Prime;][\/vc_column][vc_column width=\u00a0\u00bb1\/2&Prime;][vc_custom_heading text=\u00a0\u00bbDepuis le 16 juin 2018, vous pouvez \u00e9changer vos euros contre des Orno dans les comptoirs d&rsquo;\u00e9change situ\u00e9s chez nos prestataires suivants:\u00a0\u00bb font_container=\u00a0\u00bbtag:h2|font_size:20px|text_align:center\u00a0\u00bb google_fonts=\u00a0\u00bbfont_family:Raleway%3A100%2C200%2C300%2Cregular%2C500%2C600%2C700%2C800%2C900|font_style:400%20regular%3A400%3Anormal\u00a0\u00bb css=\u00a0\u00bb.vc_custom_1578938453079{padding-bottom: 20px !important;}\u00a0\u00bb][vc_single_image image=\u00a0\u00bb401&Prime; alignment=\u00a0\u00bbcenter\u00a0\u00bb css=\u00a0\u00bb.vc_custom_1530369437610{padding-top: 40px !important;padding-bottom: 40px !important;}\u00a0\u00bb][\/vc_column][vc_column width=\u00a0\u00bb1\/4&Prime;][\/vc_column][\/vc_row][vc_row equal_height=\u00a0\u00bbyes\u00a0\u00bb content_placement=\u00a0\u00bbtop\u00a0\u00bb][vc_column width=\u00a0\u00bb1\/3&Prime;][vc_column_text css=\u00a0\u00bb\u00a0\u00bb]Agricovert Chauss\u00e9e de Wavre 37, 5030 Gembloux Ouvert du mardi au samedi de 10h [&hellip;]","og_url":"http:\/\/www.orno.be\/index.php\/se-procurer-des-orno\/comptoir-dechange\/","og_site_name":"Orno","article_modified_time":"2024-11-20T14:37:27+00:00","twitter_card":"summary_large_image","twitter_misc":{"Dur\u00e9e de lecture estim\u00e9e":"1 minute"},"schema":{"@context":"https:\/\/schema.org","@graph":[{"@type":"WebPage","@id":"http:\/\/www.orno.be\/index.php\/se-procurer-des-orno\/comptoir-dechange\/","url":"http:\/\/www.orno.be\/index.php\/se-procurer-des-orno\/comptoir-dechange\/","name":"Comptoir d'\u00e9change - Orno","isPartOf":{"@id":"http:\/\/www.orno.be\/#website"},"datePublished":"2018-06-10T17:08:17+00:00","dateModified":"2024-11-20T14:37:27+00:00","breadcrumb":{"@id":"http:\/\/www.orno.be\/index.php\/se-procurer-des-orno\/comptoir-dechange\/#breadcrumb"},"inLanguage":"fr-FR","potentialAction":[{"@type":"ReadAction","target":["http:\/\/www.orno.be\/index.php\/se-procurer-des-orno\/comptoir-dechange\/"]}]},{"@type":"BreadcrumbList","@id":"http:\/\/www.orno.be\/index.php\/se-procurer-des-orno\/comptoir-dechange\/#breadcrumb","itemListElement":[{"@type":"ListItem","position":1,"name":"Accueil","item":"http:\/\/www.orno.be\/"},{"@type":"ListItem","position":2,"name":"Se procurer des Orno","item":"http:\/\/www.orno.be\/index.php\/se-procurer-des-orno\/"},{"@type":"ListItem","position":3,"name":"Comptoir d&rsquo;\u00e9change"}]},{"@type":"WebSite","@id":"http:\/\/www.orno.be\/#website","url":"http:\/\/www.orno.be\/","name":"Orno","description":"Monnaie citoyenne de la r\u00e9gion de Gembloux et Sombreffe","potentialAction":[{"@type":"SearchAction","target":{"@type":"EntryPoint","urlTemplate":"http:\/\/www.orno.be\/?s={search_term_string}"},"query-input":{"@type":"PropertyValueSpecification","valueRequired":true,"valueName":"search_term_string"}}],"inLanguage":"fr-FR"}]}},"jetpack_sharing_enabled":true,"jetpack_shortlink":"https:\/\/wp.me\/P9lcRP-5M","jetpack_likes_enabled":true,"jetpack-related-posts":[],"_links":{"self":[{"href":"http:\/\/www.orno.be\/index.php\/wp-json\/wp\/v2\/pages\/358","targetHints":{"allow":["GET"]}}],"collection":[{"href":"http:\/\/www.orno.be\/index.php\/wp-json\/wp\/v2\/pages"}],"about":[{"href":"http:\/\/www.orno.be\/index.php\/wp-json\/wp\/v2\/types\/page"}],"author":[{"embeddable":true,"href":"http:\/\/www.orno.be\/index.php\/wp-json\/wp\/v2\/users\/1"}],"replies":[{"embeddable":true,"href":"http:\/\/www.orno.be\/index.php\/wp-json\/wp\/v2\/comments?post=358"}],"version-history":[{"count":22,"href":"http:\/\/www.orno.be\/index.php\/wp-json\/wp\/v2\/pages\/358\/revisions"}],"predecessor-version":[{"id":7400,"href":"http:\/\/www.orno.be\/index.php\/wp-json\/wp\/v2\/pages\/358\/revisions\/7400"}],"up":[{"embeddable":true,"href":"http:\/\/www.orno.be\/index.php\/wp-json\/wp\/v2\/pages\/7002"}],"wp:attachment":[{"href":"http:\/\/www.orno.be\/index.php\/wp-json\/wp\/v2\/media?parent=358"}],"curies":[{"name":"wp","href":"https:\/\/api.w.org\/{rel}","templated":true}]}}