{"id":142,"date":"2017-11-02T15:58:03","date_gmt":"2017-11-02T14:58:03","guid":{"rendered":"http:\/\/www.orno.be\/?page_id=142"},"modified":"2024-11-28T10:52:35","modified_gmt":"2024-11-28T09:52:35","slug":"faq","status":"publish","type":"page","link":"https:\/\/www.orno.be\/index.php\/faq\/","title":{"rendered":"FAQ"},"content":{"rendered":"<div class=\"wpb-content-wrapper\"><p>[vc_row][vc_column][vc_column_text css=\u00a0\u00bb\u00a0\u00bb]La rubrique est actuellement en construction. Merci de votre patience!<\/p>\n<p>Si vous \u00eates prestataire et que vous avez des questions concernant votre compte \u00e9lectronique, ou sur l&rsquo;utilisation de l&rsquo;eOrno, vous pouvez consulter <a href=\"http:\/\/www.orno.be\/wp-content\/uploads\/2024\/11\/ORNO-GUIDE-DUTILISATION-DE-LA-MONNAIE-LOCALE-DIGITALE.pdf\">le Guide d&rsquo;Utilisation<\/a>.<\/p>\n<p><strong>Comment se connecter \u00e0 la plateforme e-Orno ?<\/strong><\/p>\n<p>Cliquer sur l\u2019onglet \u00ab\u00a0<strong>Connexion<\/strong>\u00a0\u00bb puis suivez les instructions \u00e0 l\u2019\u00e9cran.<\/p>\n<p><strong>Comment recharger son compte ?<\/strong><\/p>\n<p>C\u2019est tr\u00e8s simple, il suffit de r\u00e9aliser un virement bancaire vers le compte\u00a0<strong>BE55 5231 4101 5544<\/strong>\u00a0en mentionnant en communication structur\u00e9e votre num\u00e9ro de compte \u00e9lectronique Orno (pour le conna\u00eetre, une fois connect\u00e9 rendez-vous sur l\u2019onglet\u00a0<strong>(Mon) Compte<\/strong>).<\/p>\n<p><strong>SPE, qu&rsquo;est-ce que c&rsquo;est?<\/strong><\/p>\n<p>Le syst\u00e8me de paiement \u00e9lectronique (SPE) en monnaie locale vise \u00e0 simplifier l\u2019exp\u00e9rience de l\u2019utilisateur\u00b7rice en multipliant les fonctionnalit\u00e9s disponibles.<\/p>\n<p><strong>Fonctionnement du SPE<\/strong><\/p>\n<p>L\u2019utilisateur\u00b7rice se connecte \u00e0 la plateforme ou via l\u2019application mobile (gr\u00e2ce \u00e0 un identifiant et mot de passe) et peut :<\/p>\n<p>&#8211; consulter son compte;<\/p>\n<p>&#8211; effectuer un virement vers un autre compte de la plateforme (particulier ou professionnel);<\/p>\n<p>&#8211; chercher un commerce et ses coordonn\u00e9es;<\/p>\n<p>&#8211; effectuer un achat dans un commerce partenaire :<\/p>\n<p style=\"padding-left: 40px;\">o en magasin : scanner le QR code affich\u00e9 sur la caisse avec son smartphone, indiquer le montant et confirmer le paiement ;<\/p>\n<p style=\"padding-left: 40px;\">o sur la plateforme : par virement.<\/p>\n<p><strong>Avantages du syst\u00e8me de paiement \u00e9lectronique<\/strong><\/p>\n<p>Le SPE, en plus d&rsquo;\u00eatre dans l&rsquo;air du temps (la majorit\u00e9 des paiements aujourd&rsquo;hui se font par voie \u00e9lectronique), a beaucoup d&rsquo;avantages:<\/p>\n<p>&#8211; favoriser les \u00e9changes entre commer\u00e7ant\u00b7e\u00b7s;<\/p>\n<p>&#8211; toucher une population connect\u00e9e plus large ;<\/p>\n<p>&#8211; ne plus avoir \u00e0 se rendre dans un comptoir de change en pr\u00e9sentiel pour acqu\u00e9rir de la monnaie locale?<\/p>\n<p><strong>Qui a d\u00e9velopp\u00e9 l\u2019application et la plateforme de l\u2019Orno<\/strong><strong> \u00e9lectronique<\/strong><strong>?<\/strong><\/p>\n<p>L\u2019eOrno utilise le programme Cyclos, dont l\u2019application d\u00e9di\u00e9e a \u00e9t\u00e9 d\u00e9velopp\u00e9e en Wallonie et \u00e0 Bruxelles sous l\u2019impulsion de Financit\u00e9. Gr\u00e2ce \u00e0 Financit\u00e9, toutes les monnaies locales citoyennes de la r\u00e9gion pourront b\u00e9n\u00e9ficier de ce d\u00e9veloppement.<\/p>\n<p><strong>Pour en savoir plus sur les monnaies locales compl\u00e9mentaires<\/strong><\/p>\n<p>Excellent article <a href=\"https:\/\/journals.openedition.org\/netcom\/3000\">ici<\/a>.[\/vc_column_text][vc_column_text]<strong>A quoi ressemblent les billets de l&rsquo;Orno?<\/strong><\/p>\n<p>D\u00e9couvrez les billets de l&rsquo;Orno ci-dessous:<\/p>\n<p><iframe loading=\"lazy\" title=\"D\u00e9couvrez le visuel des billets de l&#039;Orno\" src=\"https:\/\/player.vimeo.com\/video\/243200875?dnt=1&amp;app_id=122963\" width=\"1200\" height=\"675\" frameborder=\"0\" allow=\"autoplay; fullscreen; picture-in-picture; clipboard-write\"><\/iframe><\/p>\n<p>[\/vc_column_text][\/vc_column][\/vc_row]<\/p>\n<\/div>","protected":false},"excerpt":{"rendered":"<p>[vc_row][vc_column][vc_column_text css=\u00a0\u00bb\u00a0\u00bb]La rubrique est actuellement en construction. Merci de votre patience! Si vous \u00eates prestataire et que vous avez des questions concernant votre compte \u00e9lectronique, ou sur l&rsquo;utilisation de l&rsquo;eOrno, vous pouvez consulter le Guide d&rsquo;Utilisation. Comment se connecter \u00e0 la plateforme e-Orno ? Cliquer sur l\u2019onglet \u00ab\u00a0Connexion\u00a0\u00bb puis suivez les instructions \u00e0 l\u2019\u00e9cran. Comment &hellip; <a href=\"https:\/\/www.orno.be\/index.php\/faq\/\" title=\"FAQ\" class=\"read-more\">Read More<\/a><\/p>\n","protected":false},"author":1,"featured_media":0,"parent":0,"menu_order":0,"comment_status":"closed","ping_status":"closed","template":"","meta":{"jetpack_post_was_ever_published":false,"footnotes":""},"class_list":["post-142","page","type-page","status-publish","hentry"],"yoast_head":"<!-- This site is optimized with the Yoast SEO plugin v26.0 - https:\/\/yoast.com\/wordpress\/plugins\/seo\/ -->\n<title>FAQ - Orno<\/title>\n<meta name=\"robots\" content=\"index, follow, max-snippet:-1, max-image-preview:large, max-video-preview:-1\" \/>\n<link rel=\"canonical\" href=\"https:\/\/www.orno.be\/index.php\/faq\/\" \/>\n<meta property=\"og:locale\" content=\"fr_FR\" \/>\n<meta property=\"og:type\" content=\"article\" \/>\n<meta property=\"og:title\" content=\"FAQ - Orno\" \/>\n<meta property=\"og:description\" content=\"[vc_row][vc_column][vc_column_text css=\u00a0\u00bb\u00a0\u00bb]La rubrique est actuellement en construction. Merci de votre patience! Si vous \u00eates prestataire et que vous avez des questions concernant votre compte \u00e9lectronique, ou sur l&rsquo;utilisation de l&rsquo;eOrno, vous pouvez consulter le Guide d&rsquo;Utilisation. Comment se connecter \u00e0 la plateforme e-Orno ? Cliquer sur l\u2019onglet \u00ab\u00a0Connexion\u00a0\u00bb puis suivez les instructions \u00e0 l\u2019\u00e9cran. Comment [&hellip;]\" \/>\n<meta property=\"og:url\" content=\"https:\/\/www.orno.be\/index.php\/faq\/\" \/>\n<meta property=\"og:site_name\" content=\"Orno\" \/>\n<meta property=\"article:modified_time\" content=\"2024-11-28T09:52:35+00:00\" \/>\n<meta name=\"twitter:card\" content=\"summary_large_image\" \/>\n<meta name=\"twitter:label1\" content=\"Dur\u00e9e de lecture estim\u00e9e\" \/>\n\t<meta name=\"twitter:data1\" content=\"2 minutes\" \/>\n<script type=\"application\/ld+json\" class=\"yoast-schema-graph\">{\"@context\":\"https:\/\/schema.org\",\"@graph\":[{\"@type\":\"WebPage\",\"@id\":\"https:\/\/www.orno.be\/index.php\/faq\/\",\"url\":\"https:\/\/www.orno.be\/index.php\/faq\/\",\"name\":\"FAQ - Orno\",\"isPartOf\":{\"@id\":\"https:\/\/www.orno.be\/#website\"},\"datePublished\":\"2017-11-02T14:58:03+00:00\",\"dateModified\":\"2024-11-28T09:52:35+00:00\",\"breadcrumb\":{\"@id\":\"https:\/\/www.orno.be\/index.php\/faq\/#breadcrumb\"},\"inLanguage\":\"fr-FR\",\"potentialAction\":[{\"@type\":\"ReadAction\",\"target\":[\"https:\/\/www.orno.be\/index.php\/faq\/\"]}]},{\"@type\":\"BreadcrumbList\",\"@id\":\"https:\/\/www.orno.be\/index.php\/faq\/#breadcrumb\",\"itemListElement\":[{\"@type\":\"ListItem\",\"position\":1,\"name\":\"Accueil\",\"item\":\"https:\/\/www.orno.be\/\"},{\"@type\":\"ListItem\",\"position\":2,\"name\":\"FAQ\"}]},{\"@type\":\"WebSite\",\"@id\":\"https:\/\/www.orno.be\/#website\",\"url\":\"https:\/\/www.orno.be\/\",\"name\":\"Orno\",\"description\":\"Monnaie citoyenne de la r\u00e9gion de Gembloux et Sombreffe\",\"potentialAction\":[{\"@type\":\"SearchAction\",\"target\":{\"@type\":\"EntryPoint\",\"urlTemplate\":\"https:\/\/www.orno.be\/?s={search_term_string}\"},\"query-input\":{\"@type\":\"PropertyValueSpecification\",\"valueRequired\":true,\"valueName\":\"search_term_string\"}}],\"inLanguage\":\"fr-FR\"}]}<\/script>\n<!-- \/ Yoast SEO plugin. -->","yoast_head_json":{"title":"FAQ - Orno","robots":{"index":"index","follow":"follow","max-snippet":"max-snippet:-1","max-image-preview":"max-image-preview:large","max-video-preview":"max-video-preview:-1"},"canonical":"https:\/\/www.orno.be\/index.php\/faq\/","og_locale":"fr_FR","og_type":"article","og_title":"FAQ - Orno","og_description":"[vc_row][vc_column][vc_column_text css=\u00a0\u00bb\u00a0\u00bb]La rubrique est actuellement en construction. Merci de votre patience! Si vous \u00eates prestataire et que vous avez des questions concernant votre compte \u00e9lectronique, ou sur l&rsquo;utilisation de l&rsquo;eOrno, vous pouvez consulter le Guide d&rsquo;Utilisation. Comment se connecter \u00e0 la plateforme e-Orno ? Cliquer sur l\u2019onglet \u00ab\u00a0Connexion\u00a0\u00bb puis suivez les instructions \u00e0 l\u2019\u00e9cran. Comment [&hellip;]","og_url":"https:\/\/www.orno.be\/index.php\/faq\/","og_site_name":"Orno","article_modified_time":"2024-11-28T09:52:35+00:00","twitter_card":"summary_large_image","twitter_misc":{"Dur\u00e9e de lecture estim\u00e9e":"2 minutes"},"schema":{"@context":"https:\/\/schema.org","@graph":[{"@type":"WebPage","@id":"https:\/\/www.orno.be\/index.php\/faq\/","url":"https:\/\/www.orno.be\/index.php\/faq\/","name":"FAQ - Orno","isPartOf":{"@id":"https:\/\/www.orno.be\/#website"},"datePublished":"2017-11-02T14:58:03+00:00","dateModified":"2024-11-28T09:52:35+00:00","breadcrumb":{"@id":"https:\/\/www.orno.be\/index.php\/faq\/#breadcrumb"},"inLanguage":"fr-FR","potentialAction":[{"@type":"ReadAction","target":["https:\/\/www.orno.be\/index.php\/faq\/"]}]},{"@type":"BreadcrumbList","@id":"https:\/\/www.orno.be\/index.php\/faq\/#breadcrumb","itemListElement":[{"@type":"ListItem","position":1,"name":"Accueil","item":"https:\/\/www.orno.be\/"},{"@type":"ListItem","position":2,"name":"FAQ"}]},{"@type":"WebSite","@id":"https:\/\/www.orno.be\/#website","url":"https:\/\/www.orno.be\/","name":"Orno","description":"Monnaie citoyenne de la r\u00e9gion de Gembloux et Sombreffe","potentialAction":[{"@type":"SearchAction","target":{"@type":"EntryPoint","urlTemplate":"https:\/\/www.orno.be\/?s={search_term_string}"},"query-input":{"@type":"PropertyValueSpecification","valueRequired":true,"valueName":"search_term_string"}}],"inLanguage":"fr-FR"}]}},"jetpack_sharing_enabled":true,"jetpack_shortlink":"https:\/\/wp.me\/P9lcRP-2i","jetpack_likes_enabled":true,"jetpack-related-posts":[],"_links":{"self":[{"href":"https:\/\/www.orno.be\/index.php\/wp-json\/wp\/v2\/pages\/142","targetHints":{"allow":["GET"]}}],"collection":[{"href":"https:\/\/www.orno.be\/index.php\/wp-json\/wp\/v2\/pages"}],"about":[{"href":"https:\/\/www.orno.be\/index.php\/wp-json\/wp\/v2\/types\/page"}],"author":[{"embeddable":true,"href":"https:\/\/www.orno.be\/index.php\/wp-json\/wp\/v2\/users\/1"}],"replies":[{"embeddable":true,"href":"https:\/\/www.orno.be\/index.php\/wp-json\/wp\/v2\/comments?post=142"}],"version-history":[{"count":8,"href":"https:\/\/www.orno.be\/index.php\/wp-json\/wp\/v2\/pages\/142\/revisions"}],"predecessor-version":[{"id":7405,"href":"https:\/\/www.orno.be\/index.php\/wp-json\/wp\/v2\/pages\/142\/revisions\/7405"}],"wp:attachment":[{"href":"https:\/\/www.orno.be\/index.php\/wp-json\/wp\/v2\/media?parent=142"}],"curies":[{"name":"wp","href":"https:\/\/api.w.org\/{rel}","templated":true}]}}