{"id":7002,"date":"2020-01-13T18:54:40","date_gmt":"2020-01-13T17:54:40","guid":{"rendered":"http:\/\/www.orno.be\/?page_id=7002"},"modified":"2022-09-07T14:11:52","modified_gmt":"2022-09-07T12:11:52","slug":"se-procurer-des-orno","status":"publish","type":"page","link":"https:\/\/www.orno.be\/index.php\/se-procurer-des-orno\/","title":{"rendered":"Se procurer des Orno"},"content":{"rendered":"<div class=\"wpb-content-wrapper\"><p>[vc_row][vc_column width=\u00a0\u00bb1\/6&Prime;][vc_single_image image=\u00a0\u00bb401&Prime; alignment=\u00a0\u00bbcenter\u00a0\u00bb css=\u00a0\u00bb.vc_custom_1530369437610{padding-top: 40px !important;padding-bottom: 40px !important;}\u00a0\u00bb][\/vc_column][vc_column width=\u00a0\u00bb2\/3&Prime;][vc_custom_heading text=\u00a0\u00bbDepuis le 16 juin 2018, vous pouvez \u00e9changer vos euros contre des Orno dans les comptoirs d&rsquo;\u00e9change situ\u00e9s chez nos prestataires affichant le logo ci-contre.\u00a0\u00bb font_container=\u00a0\u00bbtag:h2|font_size:20px|text_align:center\u00a0\u00bb google_fonts=\u00a0\u00bbfont_family:Raleway%3A100%2C200%2C300%2Cregular%2C500%2C600%2C700%2C800%2C900|font_style:400%20regular%3A400%3Anormal\u00a0\u00bb css=\u00a0\u00bb.vc_custom_1578937427166{padding-bottom: 20px !important;}\u00a0\u00bb][vc_custom_heading text=\u00a0\u00bbDepuis septembre 2022, vous pouvez \u00e9galement payer vos prestations en utilisant des Orno \u00e9lectroniques, ou eOrno. Pour en savoir plus sur la proc\u00e9dure ou pour acc\u00e9der \u00e0 votre compte, cliquez sur l&rsquo;onglet \u00ab\u00a0Connexion\u00ab\u00a0 ou sur le lien ci-dessous.\u00a0\u00bb font_container=\u00a0\u00bbtag:h2|font_size:20%20px|text_align:center\u00a0\u00bb google_fonts=\u00a0\u00bbfont_family:Raleway%3A100%2C200%2C300%2Cregular%2C500%2C600%2C700%2C800%2C900|font_style:400%20regular%3A400%3Anormal\u00a0\u00bb css=\u00a0\u00bb.vc_custom_1662552210521{padding-bottom: 20px !important;}\u00a0\u00bb][vc_custom_heading text=\u00a0\u00bbVous trouverez plus d&rsquo;informations sur nos comptoirs d&rsquo;\u00e9change et sur la commande par internet en consultant les rubriques ci-dessous.\u00a0\u00bb font_container=\u00a0\u00bbtag:h2|font_size:20%20px|text_align:center\u00a0\u00bb google_fonts=\u00a0\u00bbfont_family:Raleway%3A100%2C200%2C300%2Cregular%2C500%2C600%2C700%2C800%2C900|font_style:400%20regular%3A400%3Anormal\u00a0\u00bb css=\u00a0\u00bb.vc_custom_1578937867827{padding-bottom: 40px !important;}\u00a0\u00bb][\/vc_column][vc_column width=\u00a0\u00bb1\/6&Prime;][vc_single_image image=\u00a0\u00bb401&Prime; alignment=\u00a0\u00bbcenter\u00a0\u00bb css=\u00a0\u00bb.vc_custom_1530369437610{padding-top: 40px !important;padding-bottom: 40px !important;}\u00a0\u00bb][\/vc_column][\/vc_row][vc_row equal_height=\u00a0\u00bbyes\u00a0\u00bb content_placement=\u00a0\u00bbtop\u00a0\u00bb][vc_column width=\u00a0\u00bb1\/4&Prime;][\/vc_column][vc_column width=\u00a0\u00bb1\/4&Prime;][vc_column_text]<span style=\"font-size: 21px;\"><a href=\"http:\/\/www.orno.be\/index.php\/comptoir-dechange\/\"><strong>Liste des comptoirs d&rsquo;\u00e9change<\/strong><\/a><\/span>[\/vc_column_text][\/vc_column][vc_column width=\u00a0\u00bb1\/4&Prime;][vc_column_text]<a href=\"https:\/\/mamonnaiecitoyenne.be\/lorno\/ui\/home\"><span style=\"font-size: 21px;\"><strong>Connexion plateforme eOrno<\/strong><\/span><\/a>[\/vc_column_text][\/vc_column][vc_column width=\u00a0\u00bb1\/4&Prime;][\/vc_column][\/vc_row][vc_row equal_height=\u00a0\u00bbyes\u00a0\u00bb content_placement=\u00a0\u00bbtop\u00a0\u00bb][vc_column width=\u00a0\u00bb1\/4&Prime;][\/vc_column][\/vc_row]<\/p>\n<\/div>","protected":false},"excerpt":{"rendered":"<p>[vc_row][vc_column width=\u00a0\u00bb1\/6&Prime;][vc_single_image image=\u00a0\u00bb401&Prime; alignment=\u00a0\u00bbcenter\u00a0\u00bb css=\u00a0\u00bb.vc_custom_1530369437610{padding-top: 40px !important;padding-bottom: 40px !important;}\u00a0\u00bb][\/vc_column][vc_column width=\u00a0\u00bb2\/3&Prime;][vc_custom_heading text=\u00a0\u00bbDepuis le 16 juin 2018, vous pouvez \u00e9changer vos euros contre des Orno dans les comptoirs d&rsquo;\u00e9change situ\u00e9s chez nos prestataires affichant le logo ci-contre.\u00a0\u00bb font_container=\u00a0\u00bbtag:h2|font_size:20px|text_align:center\u00a0\u00bb google_fonts=\u00a0\u00bbfont_family:Raleway%3A100%2C200%2C300%2Cregular%2C500%2C600%2C700%2C800%2C900|font_style:400%20regular%3A400%3Anormal\u00a0\u00bb css=\u00a0\u00bb.vc_custom_1578937427166{padding-bottom: 20px !important;}\u00a0\u00bb][vc_custom_heading text=\u00a0\u00bbDepuis septembre 2022, vous pouvez \u00e9galement payer vos prestations en utilisant des Orno \u00e9lectroniques, ou &hellip; <a href=\"https:\/\/www.orno.be\/index.php\/se-procurer-des-orno\/\" title=\"Se procurer des Orno\" class=\"read-more\">Read More<\/a><\/p>\n","protected":false},"author":1,"featured_media":0,"parent":0,"menu_order":0,"comment_status":"closed","ping_status":"closed","template":"","meta":{"jetpack_post_was_ever_published":false,"footnotes":""},"class_list":["post-7002","page","type-page","status-publish","hentry"],"yoast_head":"<!-- This site is optimized with the Yoast SEO plugin v26.0 - https:\/\/yoast.com\/wordpress\/plugins\/seo\/ -->\n<title>Se procurer des Orno - Orno<\/title>\n<meta name=\"robots\" content=\"index, follow, max-snippet:-1, max-image-preview:large, max-video-preview:-1\" \/>\n<link rel=\"canonical\" href=\"http:\/\/www.orno.be\/index.php\/se-procurer-des-orno\/\" \/>\n<meta property=\"og:locale\" content=\"fr_FR\" \/>\n<meta property=\"og:type\" content=\"article\" \/>\n<meta property=\"og:title\" content=\"Se procurer des Orno - Orno\" \/>\n<meta property=\"og:description\" content=\"[vc_row][vc_column width=\u00a0\u00bb1\/6&Prime;][vc_single_image image=\u00a0\u00bb401&Prime; alignment=\u00a0\u00bbcenter\u00a0\u00bb css=\u00a0\u00bb.vc_custom_1530369437610{padding-top: 40px !important;padding-bottom: 40px !important;}\u00a0\u00bb][\/vc_column][vc_column width=\u00a0\u00bb2\/3&Prime;][vc_custom_heading text=\u00a0\u00bbDepuis le 16 juin 2018, vous pouvez \u00e9changer vos euros contre des Orno dans les comptoirs d&rsquo;\u00e9change situ\u00e9s chez nos prestataires affichant le logo ci-contre.\u00a0\u00bb font_container=\u00a0\u00bbtag:h2|font_size:20px|text_align:center\u00a0\u00bb google_fonts=\u00a0\u00bbfont_family:Raleway%3A100%2C200%2C300%2Cregular%2C500%2C600%2C700%2C800%2C900|font_style:400%20regular%3A400%3Anormal\u00a0\u00bb css=\u00a0\u00bb.vc_custom_1578937427166{padding-bottom: 20px !important;}\u00a0\u00bb][vc_custom_heading text=\u00a0\u00bbDepuis septembre 2022, vous pouvez \u00e9galement payer vos prestations en utilisant des Orno \u00e9lectroniques, ou [&hellip;]\" \/>\n<meta property=\"og:url\" content=\"http:\/\/www.orno.be\/index.php\/se-procurer-des-orno\/\" \/>\n<meta property=\"og:site_name\" content=\"Orno\" \/>\n<meta property=\"article:modified_time\" content=\"2022-09-07T12:11:52+00:00\" \/>\n<meta name=\"twitter:card\" content=\"summary_large_image\" \/>\n<meta name=\"twitter:label1\" content=\"Dur\u00e9e de lecture estim\u00e9e\" \/>\n\t<meta name=\"twitter:data1\" content=\"1 minute\" \/>\n<script type=\"application\/ld+json\" class=\"yoast-schema-graph\">{\"@context\":\"https:\/\/schema.org\",\"@graph\":[{\"@type\":\"WebPage\",\"@id\":\"http:\/\/www.orno.be\/index.php\/se-procurer-des-orno\/\",\"url\":\"http:\/\/www.orno.be\/index.php\/se-procurer-des-orno\/\",\"name\":\"Se procurer des Orno - Orno\",\"isPartOf\":{\"@id\":\"http:\/\/www.orno.be\/#website\"},\"datePublished\":\"2020-01-13T17:54:40+00:00\",\"dateModified\":\"2022-09-07T12:11:52+00:00\",\"breadcrumb\":{\"@id\":\"http:\/\/www.orno.be\/index.php\/se-procurer-des-orno\/#breadcrumb\"},\"inLanguage\":\"fr-FR\",\"potentialAction\":[{\"@type\":\"ReadAction\",\"target\":[\"http:\/\/www.orno.be\/index.php\/se-procurer-des-orno\/\"]}]},{\"@type\":\"BreadcrumbList\",\"@id\":\"http:\/\/www.orno.be\/index.php\/se-procurer-des-orno\/#breadcrumb\",\"itemListElement\":[{\"@type\":\"ListItem\",\"position\":1,\"name\":\"Accueil\",\"item\":\"http:\/\/www.orno.be\/\"},{\"@type\":\"ListItem\",\"position\":2,\"name\":\"Se procurer des Orno\"}]},{\"@type\":\"WebSite\",\"@id\":\"http:\/\/www.orno.be\/#website\",\"url\":\"http:\/\/www.orno.be\/\",\"name\":\"Orno\",\"description\":\"Monnaie citoyenne de la r\u00e9gion de Gembloux et Sombreffe\",\"potentialAction\":[{\"@type\":\"SearchAction\",\"target\":{\"@type\":\"EntryPoint\",\"urlTemplate\":\"http:\/\/www.orno.be\/?s={search_term_string}\"},\"query-input\":{\"@type\":\"PropertyValueSpecification\",\"valueRequired\":true,\"valueName\":\"search_term_string\"}}],\"inLanguage\":\"fr-FR\"}]}<\/script>\n<!-- \/ Yoast SEO plugin. -->","yoast_head_json":{"title":"Se procurer des Orno - Orno","robots":{"index":"index","follow":"follow","max-snippet":"max-snippet:-1","max-image-preview":"max-image-preview:large","max-video-preview":"max-video-preview:-1"},"canonical":"http:\/\/www.orno.be\/index.php\/se-procurer-des-orno\/","og_locale":"fr_FR","og_type":"article","og_title":"Se procurer des Orno - Orno","og_description":"[vc_row][vc_column width=\u00a0\u00bb1\/6&Prime;][vc_single_image image=\u00a0\u00bb401&Prime; alignment=\u00a0\u00bbcenter\u00a0\u00bb css=\u00a0\u00bb.vc_custom_1530369437610{padding-top: 40px !important;padding-bottom: 40px !important;}\u00a0\u00bb][\/vc_column][vc_column width=\u00a0\u00bb2\/3&Prime;][vc_custom_heading text=\u00a0\u00bbDepuis le 16 juin 2018, vous pouvez \u00e9changer vos euros contre des Orno dans les comptoirs d&rsquo;\u00e9change situ\u00e9s chez nos prestataires affichant le logo ci-contre.\u00a0\u00bb font_container=\u00a0\u00bbtag:h2|font_size:20px|text_align:center\u00a0\u00bb google_fonts=\u00a0\u00bbfont_family:Raleway%3A100%2C200%2C300%2Cregular%2C500%2C600%2C700%2C800%2C900|font_style:400%20regular%3A400%3Anormal\u00a0\u00bb css=\u00a0\u00bb.vc_custom_1578937427166{padding-bottom: 20px !important;}\u00a0\u00bb][vc_custom_heading text=\u00a0\u00bbDepuis septembre 2022, vous pouvez \u00e9galement payer vos prestations en utilisant des Orno \u00e9lectroniques, ou [&hellip;]","og_url":"http:\/\/www.orno.be\/index.php\/se-procurer-des-orno\/","og_site_name":"Orno","article_modified_time":"2022-09-07T12:11:52+00:00","twitter_card":"summary_large_image","twitter_misc":{"Dur\u00e9e de lecture estim\u00e9e":"1 minute"},"schema":{"@context":"https:\/\/schema.org","@graph":[{"@type":"WebPage","@id":"http:\/\/www.orno.be\/index.php\/se-procurer-des-orno\/","url":"http:\/\/www.orno.be\/index.php\/se-procurer-des-orno\/","name":"Se procurer des Orno - Orno","isPartOf":{"@id":"http:\/\/www.orno.be\/#website"},"datePublished":"2020-01-13T17:54:40+00:00","dateModified":"2022-09-07T12:11:52+00:00","breadcrumb":{"@id":"http:\/\/www.orno.be\/index.php\/se-procurer-des-orno\/#breadcrumb"},"inLanguage":"fr-FR","potentialAction":[{"@type":"ReadAction","target":["http:\/\/www.orno.be\/index.php\/se-procurer-des-orno\/"]}]},{"@type":"BreadcrumbList","@id":"http:\/\/www.orno.be\/index.php\/se-procurer-des-orno\/#breadcrumb","itemListElement":[{"@type":"ListItem","position":1,"name":"Accueil","item":"http:\/\/www.orno.be\/"},{"@type":"ListItem","position":2,"name":"Se procurer des Orno"}]},{"@type":"WebSite","@id":"http:\/\/www.orno.be\/#website","url":"http:\/\/www.orno.be\/","name":"Orno","description":"Monnaie citoyenne de la r\u00e9gion de Gembloux et Sombreffe","potentialAction":[{"@type":"SearchAction","target":{"@type":"EntryPoint","urlTemplate":"http:\/\/www.orno.be\/?s={search_term_string}"},"query-input":{"@type":"PropertyValueSpecification","valueRequired":true,"valueName":"search_term_string"}}],"inLanguage":"fr-FR"}]}},"jetpack_sharing_enabled":true,"jetpack_shortlink":"https:\/\/wp.me\/P9lcRP-1OW","jetpack_likes_enabled":true,"jetpack-related-posts":[],"_links":{"self":[{"href":"https:\/\/www.orno.be\/index.php\/wp-json\/wp\/v2\/pages\/7002","targetHints":{"allow":["GET"]}}],"collection":[{"href":"https:\/\/www.orno.be\/index.php\/wp-json\/wp\/v2\/pages"}],"about":[{"href":"https:\/\/www.orno.be\/index.php\/wp-json\/wp\/v2\/types\/page"}],"author":[{"embeddable":true,"href":"https:\/\/www.orno.be\/index.php\/wp-json\/wp\/v2\/users\/1"}],"replies":[{"embeddable":true,"href":"https:\/\/www.orno.be\/index.php\/wp-json\/wp\/v2\/comments?post=7002"}],"version-history":[{"count":16,"href":"https:\/\/www.orno.be\/index.php\/wp-json\/wp\/v2\/pages\/7002\/revisions"}],"predecessor-version":[{"id":7326,"href":"https:\/\/www.orno.be\/index.php\/wp-json\/wp\/v2\/pages\/7002\/revisions\/7326"}],"wp:attachment":[{"href":"https:\/\/www.orno.be\/index.php\/wp-json\/wp\/v2\/media?parent=7002"}],"curies":[{"name":"wp","href":"https:\/\/api.w.org\/{rel}","templated":true}]}}